4264 = 66252 - 46661. List the prime factors of d.
6257
List the prime factors of (78/4)/(-1*(15/1114)/(-15)).
3, 13, 557
Let v(r) = -397*r + 2747. List the prime factors of v(-6).
23, 223
Suppose d = -5*n + 6460, -4*d + 4*n + 27809 = 1993. What are the prime factors of d?
5, 1291
Suppose 4*j - 46 = -2*f + 8*j, 59 = 3*f + 4*j. What are the prime factors of ((-26)/(-5))/(f/6510)?
2, 13, 31
Let a = 41015 + -29253. List the prime factors of a.
2, 5881
Suppose -68*f + 387205 = 117*f. List the prime factors of f.
7, 13, 23
Let a(o) = -185*o + 1134. List the prime factors of a(-31).
6869
Suppose -2*f = -l - 24170, -179*f + 173*f + 72510 = -4*l. What are the prime factors of f?
5, 2417
Suppose -755*l = -1506*l + 757*l - 18306. What are the prime factors of l?
3, 113
Let j = 31 + -50. Let x(q) = 18*q**2 + 9*q - 38 + q**3 - 11*q - 24*q. List the prime factors of x(j).
5, 19
Suppose -3*w + 26 = 4*g, 0 = -5*g + 3*w + 16 + 3. Suppose 1169 = 5*p + 2*c, g = -c + 7. What are the prime factors of p?
233
Suppose -5*l - 79 = -9. Let m be (-7 - (-3 + 2))*7/l. Let s(i) = 27*i - 13. List the prime factors of s(m).
2, 17
Let l(x) = x**3 - 34*x**2 + 89*x - 92. List the prime factors of l(34).
2, 3, 163
Let f = -4 - -10. Let b be 34/6 + -1*4/f. Suppose 0*s - 2*s + 3*x + 65 = 0, 88 = 3*s + b*x. List the prime factors of s.
31
Let j = -206 + 239. Suppose -j*g = 387 - 2367. List the prime factors of g.
2, 3, 5
Suppose 36*g - 34*g - 3*l = 42654, -3*g = l - 64014. What are the prime factors of g?
2, 3, 7, 127
Let n(y) = -85*y + 12. Let a(j) = j - 2. Let c(g) = a(g) + n(g). List the prime factors of c(-6).
2, 257
Let i be 6540 - 4*(-5)/(-10). Suppose -i + 18199 = 13*d. List the prime factors of d.
3, 13, 23
Let f = -16 + 15. List the prime factors of 1 + 332 + f - (0 - -1).
331
Let o = -1315 + 445. List the prime factors of (-1)/((-1444)/o + 20/(-12)).
5, 29
Let l(d) = -d**3 - 14*d**2 - d - 16. Let n be l(-14). Let z be n - -9 - 4 - 67. What are the prime factors of 3 - (-6)/(-2) - z - -2?
2, 3, 11
Let d(g) = 49*g + 32. Let b be d(3). Let p = b - 123. Suppose -p*f + 52*f + 56 = 0. List the prime factors of f.
2, 7
Let x = -761 - -2217. Suppose 28*k + x = 41*k. What are the prime factors of k?
2, 7
Let q be 4/(-30) + 12624/180. Suppose 2*g = 4*g + 10, -4*u = 4*g + 20. Suppose -2*r - 5*c + q = 0, -3*c - 3 - 3 = u. List the prime factors of r.
2, 5
Let w = -449 - -519. Suppose 5*y = 2*v - 254, -3*y - 2*y + 10 = 0. Let s = v - w. What are the prime factors of s?
2, 31
Suppose -16 = -10*a + 6*a. Suppose 6*r - 16 = a*r. Suppose 0 = r*f + 195 - 859. What are the prime factors of f?
83
Let n(w) = -4*w - 15. Let h be n(-6). Suppose 5*j - h - 636 = -5*s, 278 = 2*s - 3*j. Let l = s + -89. What are the prime factors of l?
2, 11
Let g = -402 - -405. Suppose g*b - 2313 = -519. What are the prime factors of b?
2, 13, 23
Let r be 17 - 17 - (0 + -4)/(-2). What are the prime factors of (490/105)/(r/(2 - 98))?
2, 7
Let i = -5725 + 39596. List the prime factors of i.
33871
Let z be 6/(-14) + -641*(-24)/28. Suppose 526 = -4*i - 758. Let q = i + z. List the prime factors of q.
2, 3, 19
Let l(a) = -a**2 + 20*a. Let o be l(24). Let i = o - -100. Suppose -3*r = -3*d + 88 - 415, -r + 100 = -i*d. List the prime factors of r.
2, 7
Suppose 646*f - 34125646 = 45816. What are the prime factors of f?
13, 313
Let v(m) = m**2 - 47*m + 222. Let c be v(34). Let n be 147/2*-2 + 0. Let y = n - c. What are the prime factors of y?
73
Let r = 8034 + 1056. What are the prime factors of r?
2, 3, 5, 101
Suppose 0 = -5*m + 14*w + 72520, 4*m - 70527 + 12511 = 3*w. List the prime factors of m.
2, 7, 37
Let x(p) = -1631*p + 496. List the prime factors of x(-3).
17, 317
Let t be 13 + (-112)/12 - 2/3. Suppose w - 2484 = -t*i, -3050 - 1082 = -5*i + w. What are the prime factors of i?
827
Suppose -10*q + 15 = -25*q. Let t(b) = 211*b**2 + 3*b + 2. What are the prime factors of t(q)?
2, 3, 5, 7
Suppose 39*n = 9472 + 278. Suppose -24*t + 23*t = -n. What are the prime factors of t?
2, 5
Suppose 36*m = 28*m - 69*m + 924462. List the prime factors of m.
2, 3, 23, 29
Suppose -274 + 8684 = 10*g. Suppose -278 = -o - 2*d, -d = 3*o - 2*d - g. What are the prime factors of o?
2, 5, 7
Suppose 84 = 3*p + 4*p. Suppose 10*s = p*s - 28. List the prime factors of 1 - (10/(-35) + (-1326)/s).
2, 3
Let g = 7630 + -1211. List the prime factors of g.
7, 131
Let a = 187 - -702. Suppose -a = -l + 553. List the prime factors of l.
2, 7, 103
Let u(g) = 4*g**2 + g - 1. Let m be u(1). Suppose -3*h - 548 = -5*h + n, 0 = m*h + 4*n - 1120. What are the prime factors of h?
2, 3, 23
Let v = -805 - -1437. Let a = 1300 - v. List the prime factors of a.
2, 167
Let u = 1807 + 574. What are the prime factors of u?
2381
List the prime factors of (-4859)/(-1) - (257 + -247).
13, 373
Let q be (-2)/12 - 155/(-30). Suppose -5*v - 3 = -23, -j = -2*v + q. Suppose -2*i + 439 = j*i - 4*s, 0 = -5*s - 5. List the prime factors of i.
3, 29
Suppose 5*t - 16875 = -v, 3896 = 5*t - 4*v - 13004. List the prime factors of t.
2, 211
Suppose 10*z + 107345 = 15*z - 5*c, -z - c = -21459. List the prime factors of z.
2, 2683
Let v = 17207 - 10267. Suppose 0*s = 4*s - 3*r - v, -5*r = -3*s + 5194. List the prime factors of s.
2, 11, 79
Let t be 4*(-8)/(-16)*-338. Let v = t + 1874. What are the prime factors of v?
2, 599
Suppose 22*m = 5*c + 21*m - 75517, -2*c + 30197 = m. List the prime factors of c.
2, 3, 839
Suppose 0 = 9*i - 306 + 3456. Let b = i + 810. What are the prime factors of b?
2, 5, 23
Let f(z) = -9*z**3 - 5*z**2 - z - 10. Let j be f(-3). Suppose -5*q = i + 3*i - 467, -2*q - 3*i = -j. List the prime factors of q.
7, 13
Let c = -3531 + 7229. List the prime factors of c.
2, 43
Let s(z) = -z**2 - 13*z - 31. Let u be s(-10). What are the prime factors of (-1)/u - (10 - 295)?
2, 11, 13
Let d = 507 - 211. Let a be (-1 - 0)/((-2)/(d/(-2))). Let c = -45 - a. List the prime factors of c.
29
Suppose -12*v = -6*v - 7380. Suppose -5*d - v = -5*j, -2*j + 135 + 353 = -d. List the prime factors of j.
2, 11
Let h(w) = 2*w**2 + 9*w + 64. Let u be h(-7). Suppose l - u - 17 = 0. List the prime factors of l.
2, 29
Let t(i) = -i**2 + 5*i + 4. Let y(p) = p**2 + 1. Let m(h) = t(h) + 2*y(h). Let n be m(-3). Suppose n*w - 303 = -3*w. List the prime factors of w.
101
Suppose 3*h = -a - 19 - 14, 0 = -a - 2*h - 35. Let c be 2/8 + a/(-4). Suppose -c*w + 9*w = -77. What are the prime factors of w?
7, 11
Let g = 872 + -763. Suppose g*p = 93*p + 12400. List the prime factors of p.
5, 31
Let l(x) = 12*x**2 - 198*x - 323. What are the prime factors of l(64)?
11, 19, 173
Let g = -43 - -152. List the prime factors of (g - 175)/((-11)/9 + 1).
3, 11
Let d be (-13)/(39/4692)*1/(-2). Suppose -3*f = -l + 252 + 12, -3*l - f = -d. List the prime factors of l.
3, 29
Let p(b) = 123*b**3 + 30*b**2 + 14*b - 20. List the prime factors of p(5).
5, 647
Let h be (7 - 0)/((-837)/(-417) - 2). Suppose -4*k - 3*v = 965, -v = -4*k + 4*v - h. Let t = 351 + k. What are the prime factors of t?
109
Suppose 39237 = 18*r + 15*r. Suppose -r = -3*y - b, -2*b - 107 = y - 505. List the prime factors of y.
2, 3, 11
What are the prime factors of 9/(-81)*23889*(9 - 18)?
3, 7963
List the prime factors of (-2 - 1)*8/3 - 2862046/(-167).
2, 3, 5, 571
Suppose 0 = -a + 5*o + 24, -38 = -3*a - 0*a - 2*o. Let h = 93 + a. What are the prime factors of h?
107
Suppose -26 = 4*v + 34. Let r(y) be the third derivative of -y**4/8 - 7*y**3/6 + 790*y**2. What are the prime factors of r(v)?
2, 19
Suppose 5*h - 2*m - 39786 = 0, h - 3951 = -5*m + 4017. List the prime factors of h.
2, 23, 173
Let s be 22/3*(276/(-8) + 6). Let b = s - -476. What are the prime factors of b?
3, 89
Suppose 4*b = 7*f - 10*f + 3921, 3924 = 3*f + 5*b. List the prime factors of f.
1303
Let v(i) = -119*i - 5. Let x be v(-2). Suppose -2*s = -10, -3*s + x = 2*m - 0*s. What are the prime factors of m?
109
Suppose 4*c = 3*y + 125726, 0 = -4*y + 17 - 25. What are the prime factors of c?
2, 5, 7, 449
Let x = 18 - 13. Suppose -10 = 54*n - 59*n. Suppose 110 = x*o - 3*r, -5*r = o - n*r - 22. What are the prime factors of o?
2, 11
Let v be 1900/418 + (-12)/22. List the prime factors of 142 - (5 - 4 - v).
5, 29
Let r(s) = 39*s + 1. Let o be r(-2). Let p = o - -79. Suppose -p = 5*u - 287. What a